y(-5). Is z(k) composite?
False
Is 5/3 + (-239985)/(-27) + -3 prime?
True
Is (-5280)/(-16) - (-21)/3 a prime number?
True
Let h(y) = -1. Let d(b) = 306*b**2 + 3*b + 9. Let c(a) = d(a) + 9*h(a). Let z be c(2). Is (-16)/28 - z/(-21) a composite number?
True
Let g = 3622 + -1457. Is g a prime number?
False
Let m(x) be the third derivative of x**5/12 - 2*x**2. Let q be m(-1). Suppose 100 = -3*l + 5*j + 337, 316 = 4*l + q*j. Is l composite?
False
Let p(h) = -h - 2. Let a(v) = -v - 3. Let u(g) = -2*a(g) + 5*p(g). Let j be u(12). Let m = -26 - j. Is m composite?
True
Let t(n) = -n + 1. Let i be t(-3). Suppose i*x + 4*m = 2996, 5*m = 5*x - 0*m - 3745. Is x composite?
True
Suppose 2*z - 5*m = -192 - 457, -4*z + 5*m = 1273. Let s = 1459 + z. Is s a prime number?
False
Suppose 4*f - 18070 - 14086 = 0. Is f a composite number?
False
Let v(w) = w**2 + 14*w + 18. Let m be v(-9). Is (-4501)/(-2) + m/18 a composite number?
True
Let b = 59848 + 57579. Is b a prime number?
True
Let f(u) = 2*u**3 - 26*u**2 - 146*u + 33. Is f(25) a prime number?
True
Let q(m) = -924*m + 83. Is q(-5) a prime number?
True
Let p = -37 - -41. Suppose -g - 5*o + 3*o + 709 = 0, -3*g + 2117 = -p*o. Is g prime?
False
Let k = 216 - 118. Suppose x = -x + k. Is (-3 + 16/4)*x prime?
False
Suppose 0 = 2*a - 3*m - 6702, 3*a + 0*m = 2*m + 10043. Let l be (-2)/(13374/a - 4). Suppose 8*d - 13*d + l = 0. Is d prime?
True
Suppose 11470 = -4*d + 30234. Is d a prime number?
True
Is (40/(-16) - -1)/((-5)/106910) composite?
True
Suppose -k + 3*g = 11, 3*k + 35 = -2*k - 5*g. Is (-179*13/(-4))/((-2)/k) prime?
False
Suppose -3 = a, m - a - 4465 = -m. Is m composite?
True
Let c = -935178 - -1560095. Is c prime?
True
Let p(f) = f**3 - 6*f**2 + 2*f + 5. Let w be p(4). Let b = -19 - w. Is -46*(b + 20/(-8)) a prime number?
False
Let o(s) = 31*s**2 + s + 5. Let t(l) = -l**3 - 2*l**2 + 5*l + 2. Let h be t(-4). Suppose 2*z + 6 = h. Is o(z) a prime number?
False
Is ((-176)/(-66) - (3 - 0))*-6537 prime?
True
Let z(g) = 164 + 2*g - 2*g**2 + g**2 + 0*g**2 + 27. Is z(0) prime?
True
Let b(y) = 679*y - 2. Let o be b(-1). Let v = o - -2156. Suppose -4*s + v = s. Is s prime?
False
Let d = -19 - -22. Suppose -k - 4*k = -3*b + 6, 2 = -d*k + b. Suppose k = 3*s + 2 - 215. Is s prime?
True
Let i(v) = 2*v**2 - 43*v + 92. Is i(-37) composite?
False
Let d = 52 - 37. Let c be 13/5 + 6/d. Suppose 4*u + 3*b - 1601 - 596 = 0, 2179 = 4*u - c*b. Is u composite?
False
Suppose -34*l - 2*f = -38*l + 34062, l - f = 8518. Is l prime?
True
Suppose -62*u = -3189369 - 74993. Is u composite?
True
Let l be 2/(((-5)/(-2))/5). Suppose 2*o = l*o - 8. Suppose 0 = 3*z + z - o*m - 40, 2*z - 14 = 4*m. Is z prime?
True
Let v(u) = u**3 - 3*u**2 - 2*u + 2. Let s be v(3). Let k be s/30 - 2053/15. Let r = 322 + k. Is r prime?
False
Suppose y = -3*h - 3*y + 5748, 0 = y. Let v = -1087 + h. Suppose -2*o = -6*o - 5*s + v, -847 = -4*o + s. Is o prime?
True
Let c be (388/8)/(5/110). Suppose -q - 276 = -c. Is q a composite number?
True
Suppose 0 = -2*h + 3 + 1. Let j be (-5 - -85)*h/5. Suppose k - 55 - j = 0. Is k composite?
True
Let c = -3946 + 10893. Is c a prime number?
True
Let t(x) = 15*x**2 - 23*x - 11. Is t(-14) a prime number?
True
Let z(s) = 5*s**2 + 15*s - 121. Is z(-24) composite?
False
Let v(x) = -2*x - 4. Let q be v(-4). Suppose -q*g + 2*p = -904, -1027 = -4*g - 5*p - 123. Is g prime?
False
Suppose 100200 = 4*y + 4*z, -49*y = -47*y + 5*z - 50103. Is y composite?
True
Let a be -1 + 6 + -3 + 1. Suppose b + a*p - 149 = 0, b + 2*p - 116 - 28 = 0. Is b a prime number?
False
Let k be 1/(3/18 - 0). Let h = 9 - k. Let r(o) = 4*o**3 - 3*o**2 - 2*o - 4. Is r(h) composite?
False
Let j(i) = -6*i**3 + 3*i**2 - 9*i - 5. Let d(b) = -b**3 + b**2 + 3*b + 4. Let n be d(3). Is j(n) a composite number?
True
Let u(q) = -4*q**2 + 14*q + 9. Let m be u(10). Is (-3 + 0 + 2)*m a composite number?
False
Suppose 0 = 4*y + 2*o - 4600, 0*o + 2310 = 2*y - 4*o. Is y composite?
False
Suppose -x + 2*i = -6351, 6*i = -2*x + 5*i + 12697. Is x prime?
False
Let c(g) = g + 2. Let p(z) = z - 7. Let i be p(8). Let a be c(i). Suppose -4*y = -f - 851, -y + 123 + 76 = -a*f. Is y a prime number?
False
Let j(r) = r + 22. Let b be j(-15). Let w be 88480/49 + 2/b. Suppose -4*t = -1654 - w. Is t composite?
True
Let s = -2282 + 4435. Is s a composite number?
False
Suppose -52140 = -23*o + 74383. Is o composite?
False
Suppose 0 = -5*b - 22*o + 18*o + 17769, 4*o - 7098 = -2*b. Is b a prime number?
True
Suppose 15 = 3*y, -2*g - 19372 = -4*y - 133034. Is g a composite number?
True
Let o(b) = 3*b**2 + 7*b - 1. Let r = 6 + -6. Let w be r + 3 - 2/(-1). Is o(w) a prime number?
True
Let l(j) = 24*j + 7. Is l(3) a prime number?
True
Is (397754/8)/7 - 2/(-8) prime?
True
Suppose 36 = 3*z + 5*m - 2, 2*z - 20 = -2*m. Suppose 0 = 3*d + z, -4*d - d - 1014 = -4*h. Is h composite?
False
Suppose -13011 = 487*b - 490*b. Is b composite?
False
Let f(a) = -33*a + 12. Let h be f(5). Let q = 320 + h. Is q a prime number?
True
Let z(f) = 2*f**2 - 3*f + 10. Let m(c) = -c**2 + 2*c - 4. Let j(r) = -13*m(r) - 6*z(r). Let h = -19 + 12. Is j(h) composite?
False
Suppose -o + 3*d + 2063 = -2549, -2*d = -2*o + 9220. Is o composite?
True
Let i(b) = -194*b**3 + 3*b**2 - 5*b - 17. Is i(-3) composite?
True
Suppose -5*v + 2*c = -34, 0*v + v = -5*c + 23. Is (-11511)/(-12) + v/(-32) prime?
False
Let g = 20 + -15. Suppose 5*k = -5*o + 35, -2*k = -o + 3*k - g. Suppose -i + 5*i + o*u = 283, 3*i + u = 204. Is i prime?
True
Let k be (-2 - -5) + -2 + 3. Suppose 1824 = k*l + d - 97, -2370 = -5*l + 5*d. Is l a composite number?
False
Let z(s) = 4*s**3 + 6*s**2 - 4*s - 1. Let x be z(4). Suppose -20*f + 21*f = x. Is f composite?
True
Suppose -8*h + 815 = -2153. Is h a prime number?
False
Let v(t) be the third derivative of 4*t**4/3 + 31*t**3/6 + 6*t**2. Is v(9) composite?
True
Let f be (-5)/(-5)*(-6)/2. Is 368 + f + 0 + 0 + 0 a prime number?
False
Suppose 0 = -0*u - 4*u + 20. Suppose 3*l - 435 = -5*x, -l + 5*x + u = -140. Is l composite?
True
Suppose 5 = n + 1, 5*u + n = 2064. Let t = 385 + u. Is t a composite number?
False
Suppose 14*f - 141 = -29. Let v = f + 207. Is v composite?
True
Let q be 0*(3 - 4) - 0. Let a = 20 + -15. Suppose 4*g = -a*u + 1349, 5*g + 4*u = -q*u + 1675. Is g prime?
True
Suppose -13*i + 4435 = -51036. Is i composite?
True
Suppose 4*r = 103 - 11. Let y = r - 20. Suppose 2*o - 1847 = 5*t, -6*o = -y*o + 5*t - 2758. Is o a prime number?
False
Suppose g = -7 - 2. Let a = g - -7. Is a/7 - 652/(-28) a composite number?
False
Let l = 11 + -7. Is (158/4 - l)*2 a composite number?
False
Suppose -3*d + 4*v = 10, 0 = 2*d - 0*v - 2*v + 8. Let k(c) = -61*c - 12. Let y be k(d). Let q = y - -155. Is q prime?
True
Let i(q) be the second derivative of 0 + 7/6*q**3 + 1/4*q**4 + 1/2*q**2 - 10*q. Is i(-11) composite?
True
Suppose -3*l - 69 + 6 = 0. Let v be l/2*4/(-6). Suppose 4*j = v + 221. Is j composite?
True
Let a(d) = d**2 + 10*d. Let r(c) = c - 16. Let w be r(5). Let z be a(w). Let y(p) = -p**3 + 13*p**2 - 8*p + 7. Is y(z) a composite number?
True
Let b(g) = -4*g + 7. Let p be b(2). Is (-126 - -6)/(-2) + 1*p a composite number?
False
Suppose -l + 225 = 2*l. Suppose l = 2*f - 7*f. Is ((-11)/(-4))/(f/(-1020)) a prime number?
False
Suppose -4*k - v + 50567 = 4178, -11598 = -k - v. Is k a composite number?
False
Let d = -11 - -11. Suppose -2*t + 3*t - 3*u + 15 = d, 2*t = 5*u - 25. Suppose t*h - 2*h = -26. Is h prime?
True
Let x(s) = 7*s**2 + 2*s - 1. Let t be x(1). Suppose -4*g + t*g = -108. Let y = 130 - g. Is y prime?
True
Let b(r) = -r**2 - 17*r + 47. Let l be b(-14). Let p = l + 114. Is p composite?
True
Suppose -5*s - z = -6 - 0, -5*z - 18 = s. Let l be ((-3)/2)/(s/(-4)). Let q = l + 52. Is q a prime number?
False
Let d be (-7 - -1)*(-8)/12. Let r be -3*(-2)/(d + -2). Suppose -2*n + r*n = 4*c - 2, -n + 34 = 5*c. Is n prime?
False
Suppose -285*l + 94892 = -281*l. Is l a prime number?
False
Let o(k) = -k**3 - 5*k**2 + k + 5. Let s be -8 + 2 + 4 + -3. Let h be o(s). Is 59*(h - 2)/(-2) composite?
False
Let v = 13 + -10. Let k = 32 - 28. Suppose -k*l = -v*t + 97, -2*t - 176 = -6*t - 4*l. Is t prime?
False
Is (-129)/172 - (-86815)/4 composite?
True
Let t be (3/(-3))/(-2 + 1). Let u(q) = -514*q**3 + 1611*q**3 - 5 + 35*q - 34*q + 4. Is u(t) co